{"id":8216,"date":"2015-10-19T04:23:53","date_gmt":"2015-10-18T21:23:53","guid":{"rendered":"http:\/\/demo.thimpress.com\/eduma\/?page_id=12"},"modified":"2025-09-05T14:55:41","modified_gmt":"2025-09-05T07:55:41","slug":"home","status":"publish","type":"page","link":"https:\/\/km.ict.buu.ac.th\/","title":{"rendered":"\u0e2b\u0e19\u0e49\u0e32\u0e2b\u0e25\u0e31\u0e01"},"content":{"rendered":"<div class=\"wpb-content-wrapper\"><p>[vc_row][vc_column][vc_images_carousel images=&#8221;10205,9856,8596&#8243; img_size=&#8221;full&#8221; onclick=&#8221;link_no&#8221;][\/vc_column][\/vc_row][vc_row css=&#8221;.vc_custom_1471451798605{margin-bottom: 60px !important;}&#8221;][vc_column][vc_row_inner][vc_column_inner]<div class=\"thim-widget-heading template-base\"><div class=\"sc_heading  \"><h3 style=\"text-transform: uppercase;\" class=\"title\">Best Practice<\/h3><\/div><\/div>[\/vc_column_inner][\/vc_row_inner][vc_basic_grid post_type=&#8221;post&#8221; max_items=&#8221;-1&#8243; style=&#8221;pagination&#8221; items_per_page=&#8221;6&#8243; item=&#8221;masonryGrid_Default&#8221; grid_id=&#8221;vc_gid:1757058868014-e9c88c73-efb9-7&#8243; taxonomies=&#8221;37&#8243;][\/vc_column][\/vc_row][vc_row][vc_column][vc_row_inner][vc_column_inner]<div class=\"thim-widget-heading template-base\"><div class=\"sc_heading  \"><h3 style=\"text-transform: uppercase;\" class=\"title\">Events<\/h3><\/div><\/div>[\/vc_column_inner][\/vc_row_inner]<div class=\"thim-widget-list-event template-list-event\"><div class=\"thim-list-event layout-2\">\t\t<div class=\"item-event post-13725 tp_event type-tp_event status-publish hentry pmpro-has-access\">\n\t\t\t<div class=\"time-from\">\n\t\t\t\t\t\t\t\t<div class=\"date\">\n\t\t\t\t\t16\t\t\t\t<\/div>\n\t\t\t\t<div class=\"month\">\n\t\t\t\t\tApr\t\t\t\t<\/div>\n\t\t\t\t\t\t\t<\/div>\n\t\t\t<div class=\"event-wrapper\">\n\t\t\t\t<h5 class=\"title\"><a href=\"https:\/\/km.ict.buu.ac.th\/?tp_event=to-find-the-fun-events-go-to-linebet-casino\">To find the fun events, go to Linebet Casino<\/a><\/h5>\n\t\t\t\t<div class=\"meta\">\n\t\t\t\t\t<div class=\"time\">\n\t\t\t\t\t\t<i class=\"tk tk-clock\"><\/i>\n\t\t\t\t\t\t12:00 am - 12:00 am\t\t\t\t\t<\/div>\n\t\t\t\t\t<div class=\"location\">\n\t\t\t\t\t\t<i class=\"tk tk-map-marker\"><\/i>\n\t\t\t\t\t\t\t\t\t\t\t<\/div>\n\t\t\t\t<\/div>\n\t\t\t<\/div>\n\t\t<\/div>\n\t\t\t\t<div class=\"item-event post-13724 tp_event type-tp_event status-publish hentry pmpro-has-access\">\n\t\t\t<div class=\"time-from\">\n\t\t\t\t\t\t\t\t<div class=\"date\">\n\t\t\t\t\t16\t\t\t\t<\/div>\n\t\t\t\t<div class=\"month\">\n\t\t\t\t\tApr\t\t\t\t<\/div>\n\t\t\t\t\t\t\t<\/div>\n\t\t\t<div class=\"event-wrapper\">\n\t\t\t\t<h5 class=\"title\"><a href=\"https:\/\/km.ict.buu.ac.th\/?tp_event=experimentati-nv-casino-si-obtineti-castiguri-semnificative\">Experimenta\u021bi NV Casino \u0219i ob\u021bine\u021bi c\u00e2\u0219tiguri semnificative!<\/a><\/h5>\n\t\t\t\t<div class=\"meta\">\n\t\t\t\t\t<div class=\"time\">\n\t\t\t\t\t\t<i class=\"tk tk-clock\"><\/i>\n\t\t\t\t\t\t12:00 am - 12:00 am\t\t\t\t\t<\/div>\n\t\t\t\t\t<div class=\"location\">\n\t\t\t\t\t\t<i class=\"tk tk-map-marker\"><\/i>\n\t\t\t\t\t\t\t\t\t\t\t<\/div>\n\t\t\t\t<\/div>\n\t\t\t<\/div>\n\t\t<\/div>\n\t\t\t\t<div class=\"item-event post-13723 tp_event type-tp_event status-publish hentry pmpro-has-access\">\n\t\t\t<div class=\"time-from\">\n\t\t\t\t\t\t\t\t<div class=\"date\">\n\t\t\t\t\t16\t\t\t\t<\/div>\n\t\t\t\t<div class=\"month\">\n\t\t\t\t\tApr\t\t\t\t<\/div>\n\t\t\t\t\t\t\t<\/div>\n\t\t\t<div class=\"event-wrapper\">\n\t\t\t\t<h5 class=\"title\"><a href=\"https:\/\/km.ict.buu.ac.th\/?tp_event=kasyno-euro-odkryj-swoja-szczesliwa-passe\">Kasyno EURO: odkryj swoj\u0105 szcz\u0119\u015bliw\u0105 pass\u0119<\/a><\/h5>\n\t\t\t\t<div class=\"meta\">\n\t\t\t\t\t<div class=\"time\">\n\t\t\t\t\t\t<i class=\"tk tk-clock\"><\/i>\n\t\t\t\t\t\t12:00 am - 12:00 am\t\t\t\t\t<\/div>\n\t\t\t\t\t<div class=\"location\">\n\t\t\t\t\t\t<i class=\"tk tk-map-marker\"><\/i>\n\t\t\t\t\t\t\t\t\t\t\t<\/div>\n\t\t\t\t<\/div>\n\t\t\t<\/div>\n\t\t<\/div>\n\t\t\t\t<div class=\"item-event post-13720 tp_event type-tp_event status-publish hentry pmpro-has-access\">\n\t\t\t<div class=\"time-from\">\n\t\t\t\t\t\t\t\t<div class=\"date\">\n\t\t\t\t\t16\t\t\t\t<\/div>\n\t\t\t\t<div class=\"month\">\n\t\t\t\t\tApr\t\t\t\t<\/div>\n\t\t\t\t\t\t\t<\/div>\n\t\t\t<div class=\"event-wrapper\">\n\t\t\t\t<h5 class=\"title\"><a href=\"https:\/\/km.ict.buu.ac.th\/?tp_event=right-now-find-the-excitement-of-roobet-casino\">Right now, find the excitement of Roobet Casino!<\/a><\/h5>\n\t\t\t\t<div class=\"meta\">\n\t\t\t\t\t<div class=\"time\">\n\t\t\t\t\t\t<i class=\"tk tk-clock\"><\/i>\n\t\t\t\t\t\t12:00 am - 12:00 am\t\t\t\t\t<\/div>\n\t\t\t\t\t<div class=\"location\">\n\t\t\t\t\t\t<i class=\"tk tk-map-marker\"><\/i>\n\t\t\t\t\t\t\t\t\t\t\t<\/div>\n\t\t\t\t<\/div>\n\t\t\t<\/div>\n\t\t<\/div>\n\t\t\t\t<div class=\"item-event post-13719 tp_event type-tp_event status-publish hentry pmpro-has-access\">\n\t\t\t<div class=\"time-from\">\n\t\t\t\t\t\t\t\t<div class=\"date\">\n\t\t\t\t\t16\t\t\t\t<\/div>\n\t\t\t\t<div class=\"month\">\n\t\t\t\t\tApr\t\t\t\t<\/div>\n\t\t\t\t\t\t\t<\/div>\n\t\t\t<div class=\"event-wrapper\">\n\t\t\t\t<h5 class=\"title\"><a href=\"https:\/\/km.ict.buu.ac.th\/?tp_event=the-pokie-machines-at-spinfever-casino-will-provide-triumphs\">The pokie machines at Spinfever Casino will provide triumphs<\/a><\/h5>\n\t\t\t\t<div class=\"meta\">\n\t\t\t\t\t<div class=\"time\">\n\t\t\t\t\t\t<i class=\"tk tk-clock\"><\/i>\n\t\t\t\t\t\t12:00 am - 12:00 am\t\t\t\t\t<\/div>\n\t\t\t\t\t<div class=\"location\">\n\t\t\t\t\t\t<i class=\"tk tk-map-marker\"><\/i>\n\t\t\t\t\t\t\t\t\t\t\t<\/div>\n\t\t\t\t<\/div>\n\t\t\t<\/div>\n\t\t<\/div>\n\t\t<a class=\"view-all\" href=\"https:\/\/km.ict.buu.ac.th\/?post_type=tp_event\">View All<\/a><\/div><\/div>[\/vc_column][\/vc_row][vc_row][vc_column][vc_row_inner][vc_column_inner]<div class=\"thim-widget-heading template-base\"><div class=\"sc_heading  \"><h3 class=\"title\">Activities<\/h3><\/div><\/div>[\/vc_column_inner][\/vc_row_inner][vc_raw_html]JTVCdGhlLXBvc3QtZ3JpZCUyMGlkJTNEJTIyODYwMSUyMiUyMHRpdGxlJTNEJTIyRXZlbnQlMjIlNUQlMEElM0MlM0ZwaHAlMjBlY2hvJTIwZG9fc2hvcnRjb2RlJTI4JTIwJTI3JTVCdGhlLXBvc3QtZ3JpZCUyMGlkJTNEJTIyODYwMSUyMiUyMHRpdGxlJTNEJTIyRXZlbnQlMjIlNUQlMjclMjAlMjklM0IlMjAlM0YlM0U=[\/vc_raw_html][\/vc_column][\/vc_row]<\/p>\n<\/div>","protected":false},"excerpt":{"rendered":"<p>[vc_row][vc_column][vc_images_carousel images=&#8221;10205,9856,8596&#8243; img_size=&#8221;full&#8221; onclick=&#8221;link_no&#8221;][\/vc_column][\/vc_row][vc_row css=&#8221;.vc_custom_1471451798605{margin-bottom: 60px !important;}&#8221;][vc_column][vc_row_inner][vc_column_inner][\/vc_column_inner][\/vc_row_inner][vc_basic_grid post_type=&#8221;post&#8221; max_items=&#8221;-1&#8243; style=&#8221;pagination&#8221; items_per_page=&#8221;6&#8243; item=&#8221;masonryGrid_Default&#8221; grid_id=&#8221;vc_gid:1757058868014-e9c88c73-efb9-7&#8243; taxonomies=&#8221;37&#8243;][\/vc_column][\/vc_row][vc_row][vc_column][vc_row_inner][vc_column_inner][\/vc_column_inner][\/vc_row_inner][\/vc_column][\/vc_row][vc_row][vc_column][vc_row_inner][vc_column_inner][\/vc_column_inner][\/vc_row_inner][vc_raw_html]JTVCdGhlLXBvc3QtZ3JpZCUyMGlkJTNEJTIyODYwMSUyMiUyMHRpdGxlJTNEJTIyRXZlbnQlMjIlNUQlMEElM0MlM0ZwaHAlMjBlY2hvJTIwZG9fc2hvcnRjb2RlJTI4JTIwJTI3JTVCdGhlLXBvc3QtZ3JpZCUyMGlkJTNEJTIyODYwMSUyMiUyMHRpdGxlJTNEJTIyRXZlbnQlMjIlNUQlMjclMjAlMjklM0IlMjAlM0YlM0U=[\/vc_raw_html][\/vc_column][\/vc_row]<\/p>\n","protected":false},"author":1,"featured_media":0,"parent":0,"menu_order":0,"comment_status":"closed","ping_status":"closed","template":"page-templates\/homepage.php","meta":{"_bbp_topic_count":0,"_bbp_reply_count":0,"_bbp_total_topic_count":0,"_bbp_total_reply_count":0,"_bbp_voice_count":0,"_bbp_anonymous_reply_count":0,"_bbp_topic_count_hidden":0,"_bbp_reply_count_hidden":0,"_bbp_forum_subforum_count":0,"pmpro_default_level":"","footnotes":""},"class_list":["post-8216","page","type-page","status-publish","hentry","pmpro-has-access"],"rttpg_featured_image_url":null,"rttpg_author":{"display_name":"kmadmin","author_link":"https:\/\/km.ict.buu.ac.th\/?author=1"},"rttpg_comment":0,"rttpg_category":null,"rttpg_excerpt":"[vc_row][vc_column][vc_images_carousel images=&#8221;10205,9856,8596&#8243; img_size=&#8221;full&#8221; onclick=&#8221;link_no&#8221;][\/vc_column][\/vc_row][vc_row css=&#8221;.vc_custom_1471451798605{margin-bottom: 60px !important;}&#8221;][vc_column][vc_row_inner][vc_column_inner][\/vc_column_inner][\/vc_row_inner][vc_basic_grid post_type=&#8221;post&#8221; max_items=&#8221;-1&#8243; style=&#8221;pagination&#8221; items_per_page=&#8221;6&#8243; item=&#8221;masonryGrid_Default&#8221; grid_id=&#8221;vc_gid:1757058868014-e9c88c73-efb9-7&#8243; taxonomies=&#8221;37&#8243;][\/vc_column][\/vc_row][vc_row][vc_column][vc_row_inner][vc_column_inner][\/vc_column_inner][\/vc_row_inner][\/vc_column][\/vc_row][vc_row][vc_column][vc_row_inner][vc_column_inner][\/vc_column_inner][\/vc_row_inner][vc_raw_html]JTVCdGhlLXBvc3QtZ3JpZCUyMGlkJTNEJTIyODYwMSUyMiUyMHRpdGxlJTNEJTIyRXZlbnQlMjIlNUQlMEElM0MlM0ZwaHAlMjBlY2hvJTIwZG9fc2hvcnRjb2RlJTI4JTIwJTI3JTVCdGhlLXBvc3QtZ3JpZCUyMGlkJTNEJTIyODYwMSUyMiUyMHRpdGxlJTNEJTIyRXZlbnQlMjIlNUQlMjclMjAlMjklM0IlMjAlM0YlM0U=[\/vc_raw_html][\/vc_column][\/vc_row]","_links":{"self":[{"href":"https:\/\/km.ict.buu.ac.th\/index.php?rest_route=\/wp\/v2\/pages\/8216"}],"collection":[{"href":"https:\/\/km.ict.buu.ac.th\/index.php?rest_route=\/wp\/v2\/pages"}],"about":[{"href":"https:\/\/km.ict.buu.ac.th\/index.php?rest_route=\/wp\/v2\/types\/page"}],"author":[{"embeddable":true,"href":"https:\/\/km.ict.buu.ac.th\/index.php?rest_route=\/wp\/v2\/users\/1"}],"replies":[{"embeddable":true,"href":"https:\/\/km.ict.buu.ac.th\/index.php?rest_route=%2Fwp%2Fv2%2Fcomments&post=8216"}],"version-history":[{"count":124,"href":"https:\/\/km.ict.buu.ac.th\/index.php?rest_route=\/wp\/v2\/pages\/8216\/revisions"}],"predecessor-version":[{"id":13612,"href":"https:\/\/km.ict.buu.ac.th\/index.php?rest_route=\/wp\/v2\/pages\/8216\/revisions\/13612"}],"wp:attachment":[{"href":"https:\/\/km.ict.buu.ac.th\/index.php?rest_route=%2Fwp%2Fv2%2Fmedia&parent=8216"}],"curies":[{"name":"wp","href":"https:\/\/api.w.org\/{rel}","templated":true}]}}